04 + -2465?
-2602
In base 9, what is -1033606 + 1?
-1033605
In base 7, what is 21 - 6500?
-6446
In base 11, what is -50 + 1362?
1312
In base 7, what is -2005350 - -1?
-2005346
In base 11, what is 1826 + 436?
2161
In base 16, what is -39e - 1a?
-3b8
In base 9, what is 0 - 4246?
-4246
In base 14, what is -1931 - -a?
-1925
In base 4, what is 11 + 3301311022?
3301311033
In base 7, what is -4 - -1000?
663
In base 8, what is -2007 + 1234?
-553
In base 7, what is -25421 - -51?
-25340
In base 14, what is -2 - 1a69d?
-1a6a1
In base 13, what is -4 + -2833?
-2837
In base 11, what is a3 - -1075?
1168
In base 3, what is -2 - 211001111110?
-211001111112
In base 10, what is 15948 + 12?
15960
In base 14, what is 121d77 - 3?
121d74
In base 11, what is -4851 - 54?
-48a5
In base 13, what is -10 - -ba5?
b95
In base 3, what is 12 + 101220201?
101220220
In base 13, what is 16a9 - -31?
170a
In base 16, what is 3c1 - 13?
3ae
In base 12, what is -97b + -5a?
-a19
In base 6, what is 0 + -1101511?
-1101511
In base 8, what is 7 + -13452?
-13443
In base 10, what is 3 + -52249?
-52246
In base 9, what is 7353 - 7?
7345
In base 2, what is 10010011100011011 - -100?
10010011100011111
In base 14, what is 12839d - -5?
1283a4
In base 16, what is 1 + -1aaa?
-1aa9
In base 6, what is -34 - 341442?
-341520
In base 3, what is 102212202 + -11?
102212121
In base 14, what is 65ad4 + -5?
65acd
In base 8, what is -4743073 + 3?
-4743070
In base 7, what is -46 - 1124?
-1203
In base 11, what is 4 + 30715?
30719
In base 9, what is -64826 + -5?
-64832
In base 14, what is -6 + -229c9?
-229d1
In base 12, what is -9552 + -4?
-9556
In base 8, what is -45 + -14051?
-14116
In base 12, what is 2bb + -5172?
-4a73
In base 3, what is 211001002 - 200?
211000102
In base 5, what is 4 + -1020121?
-1020112
In base 8, what is -33525 - 71?
-33616
In base 6, what is -113015 - -1124?
-111451
In base 4, what is -112301311 + 2?
-112301303
In base 16, what is -da2 - 48?
-dea
In base 7, what is 21 - -620214?
620235
In base 3, what is -220020000 - 20000?
-220110000
In base 16, what is -503 - 270?
-773
In base 16, what is -807 + 31?
-7d6
In base 4, what is 3331133 + 131?
3331330
In base 9, what is 2 + -27366?
-27364
In base 3, what is -20 - -101110211122?
101110211102
In base 16, what is -b - -7a1?
796
In base 7, what is -10 - 140441?
-140451
In base 10, what is 1858 - 20?
1838
In base 6, what is 111402 + 1?
111403
In base 15, what is -2da9a - 7?
-2daa2
In base 9, what is 7 - 147536?
-147528
In base 15, what is -3b6b + 9?
-3b62
In base 13, what is 5 + 4542?
4547
In base 16, what is -33 + 10b?
d8
In base 15, what is -3 - 3995?
-3998
In base 11, what is 23 + -8508?
-8495
In base 16, what is -1 - 5f1?
-5f2
In base 5, what is 101044 + -141?
100403
In base 15, what is 3 + -dbceb?
-dbce8
In base 11, what is -4 - -2736?
2732
In base 5, what is 1013 + -40104?
-34041
In base 5, what is 44 - -341111?
341210
In base 16, what is d - 421e?
-4211
In base 16, what is -2c71d + 8?
-2c715
In base 9, what is -150786 - -14?
-150772
In base 2, what is -1101111011 - 110001011?
-10100000110
In base 4, what is 2 - -110130322?
110130330
In base 6, what is 1 + 515430?
515431
In base 10, what is -47 + 35541?
35494
In base 9, what is 78110 + -2?
78107
In base 13, what is 4538a - 5?
45385
In base 9, what is 1217 + 4?
1222
In base 15, what is -c - 56bd?
-56ca
In base 12, what is -39b21 - 3?
-39b24
In base 14, what is 148 - -25?
16d
In base 12, what is 701a + a?
7028
In base 2, what is -11000000 + 1101011?
-1010101
In base 14, what is 5 - 8390b?
-83906
In base 9, what is -870300 - 0?
-870300
In base 15, what is 1d5 - -1445?
162a
In base 13, what is -6 + -bb7c?
-bb85
In base 3, what is 12220212211 - -101?
12220220012
In base 14, what is -995ca - 5?
-995d1
In base 12, what is 0 - 7a82?
-7a82
In base 13, what is -5a0 + -110?
-6b0
In base 16, what is 2f - -7ecc?
7efb
In base 14, what is -cb2d75 - 5?
-cb2d7a
In base 4, what is -3003231 - 1?
-3003232
In base 10, what is 2 - -23640?
23642
In base 10, what is -17083 - -9?
-17074
In base 13, what is 1 + -3421?
-3420
In base 10, what is 8978 + 35?
9013
In base 5, what is -130004 + 3?
-130001
In base 7, what is 1332643 + -4?
1332636
In base 9, what is -12 - -351446?
351434
In base 9, what is -4 + -32465?
-32470
In base 3, what is -1022101 - -220?
-1021111
In base 2, what is 101101101101 + -100110?
101101000111
In base 12, what is -677b4 + -2?
-677b6
In base 3, what is 1020001211 - -2?
1020001220
In base 4, what is -233 + 111231?
110332
In base 7, what is 2656 - -343?
3332
In base 14, what is -5 - -d0ac8?
d0ac3
In base 8, what is 6 - -16137?
16145
In base 9, what is 20 + -33282?
-33262
In base 13, what is 10a479 - -1?
10a47a
In base 6, what is 10 + 152420?
152430
In base 4, what is -323 + 12001002?
12000013
In base 5, what is 2 + 110423?
110430
In base 10, what is 36070 + -3?
36067
In base 11, what is -14 - -2a022?
2a009
In base 9, what is -678 - -101?
-577
In base 11, what is 684 + -324?
360
In base 8, what is 572 - -13?
605
In base 15, what is -2 + 218c6?
218c4
In base 13, what is 1 - 59762?
-59761
In base 11, what is 5 + 285140?
285145
In base 14, what is 1 - 1783?
-1782
In base 8, what is -1317023 - -2?
-1317021
In base 11, what is 109500 + 3?
109503
In base 8, what is -415 - 57?
-474
In base 12, what is -7 + -196437?
-196442
In base 9, what is 123 - 1368?
-1245
In base 9, what is -1 + 76265?
76264
In base 6, what is 120045 - -2?
120051
In base 14, what is 27b3 + 5?
27b8
In base 3, what is -10222 - -11112?
120
In base 9, what is 6328 - 74?
6244
In base 12, what is b48b - 4?
b487
In base 14, what is -1 - 44ba?
-44bb
In base 6, what is -230410 - 2?
-230412
In base 16, what is 12 + 447?
459
In base 13, what is -a8c + 0?
-a8c
In base 5, what is -30412 + 141?
-30221
In base 2, what is 101010 - -1100001010?
1100110100
In base 15, what is -3d + -2087?
-20c5
In base 2, what is -111111000000 - -101?
-111110111011
In base 12, what is -27ab9 + 4?
-27ab5
In base 7, what is 21 - 65?
-44
In base 9, what is -5 + -857182?
-857187
In base 11, what is 3 + 20693?
20696
In base 11, what is a5 + -80?
25
In base 6, what is 3430505 - 32?
3430433
In base 16, what is 2 - -381d2?
381d4
In base 6, what is 251 + -545442?
-545151
In base 16, what is -b65af - -4?
-b65ab
In base 11, what is 0 - 3035?
-3035
In base 15, what is 1b27c5 - -1?
1b27c6
In base 15, what is -3b + -2095?
-20d1
In base 10, what is -6521 - 1?
-6522
In base 16, what is -995a + -6?
-9960
In base 13, what is 90023 + 1?
90024
In base 5, what is -32202441 + -2?
-32202443
In base 2, what is -101 + 101101001011101?
101101001011000
In base 4, what is -1122 - 3201200?
-3202322
In base 4, what is 21 - -1223310?
1223331
In base 2, what is 11100001 - -11010000?
110110001
In base 12, what is 3 - 170b?
-1708
In base 8, what is 2614570 + -3?
2614565
In base 11, what is 2 + 42613?
42615
In base 8, what is -3024 + -250?
-3274
In base 12, what is 121 + 1552?
1673
In base 15, what is 14b - -c4c?
d98
In base 9, what is -1 + -218771?
-218772
In base 9, what is 15253 - 41?
15212
In base 14, what is 19 - -854?
86d
In base 4, what is -2020103223 + 10?
-2020103213
In base 15, what is 4 - -2d53?
2d57
In base 2, what is 1011 + 10001000101001?
10001000110100
In base 2, what is 0 + -10101110100?
-10101110100
In base 12, what is 682 - 955?
-293
In base 2, what is 11 - -1011010100010001?
1011010100010100
In base 15, what is -23c2 + 1?
-23c1
In base 3, what is -1220 - 12110201?
-12112121
In base 2, what is -101010010101101 + -1001?
-101010010110110
In base 3, what is 11111 + 20000011?
20011122
In base 7, what is 0 - -16424?
16424
In base 14, what is -bad - b5?
-c84
In base 15, what is 5 - 7bd6?
-7bd1
In base 10, what is 36 + 591?
627
In base 3, what is 22000 + 20210?
112210
In base 6, what is 1055420 + 0?
1055420
In base 2, what is 10000001010 + 1?
10000001011
In base 3, what is -10121020 + 22100?
-10021220
In base 5, what is 4132000 + -3?
4131442
In base 10, what is 5 + 11164?
11169
In base 5, what is 14 + 1134233?
1134302
In base 14, what is -c39 + -21?
-c5a
In base 14, what is 520 - -575?
a95
In base 14, what is 7 + -4969?
-4962
In base 14, what is -3a9a - 1?
-3a9b
In base 15, what is 6 - 42?
-3b
In base 9, what is -11012373 + -5?
-11012378
In base 3, what is -122102 + -10120?
-202222
In ba